{"id":1407,"date":"2018-04-12T21:50:15","date_gmt":"2018-04-12T20:50:15","guid":{"rendered":"http:\/\/sg-dipperz.de\/?page_id=1407"},"modified":"2022-11-02T18:30:33","modified_gmt":"2022-11-02T17:30:33","slug":"ah-spielplan-aktuelle-saison-2018-19","status":"publish","type":"page","link":"https:\/\/sg-dipperz.de\/index.php\/ah-spielplan-aktuelle-saison-2018-19\/","title":{"rendered":"AH Spielplan aktuelle Saison 2022\/23"},"content":{"rendered":"<p>Hier die aktuellen Spiele unserer Alten Herren der SG Dipperz:<\/p>\n<p>Samstag, 13.08.2022: SV Hofbieber &#8211; <span style=\"color: #008000;\">SG Dipperz<\/span> 0:4 (0:2). Tore: 0:1 Markus Diegelmann (Eigentor, 26.), 0:2 Marc Sch\u00f6nholz (Eigentor, 28.), 0:1 J\u00f6rg J\u00e4ger (47.), 0:4 Carsten \u00dcbersch\u00e4r (49.).<\/p>\n<p>Freitag, 16.09.2022: Margretenhaun\/Wiesen &#8211; <span style=\"color: #008000;\">SG Dipperz<\/span> 2:3 (1:1). Tore: 1:0 Stefan Vorndran (6.), 1:1 Frank Zentgraf (14.), 1:2 Sebastian M\u00e4urer (49.), 1:3 Frank Zentgraf (52.), 2:3 Marco Pferner (59.).<\/p>\n<p>Mittwoch, 12.10.2022:\u00a0<span style=\"color: #008000;\">SG Dipperz<\/span> &#8211; SG Maberzell\/Gl\u00e4serzell\/Oberrode 3:2 (2:0). Tore: 1:0 Sascha Weidler (23.), 2:0 Nikolai Reith (25.), 2:1 Andre Brehl (42.), 2:2 Mirko Wrana (46.), 3:2 Josip Andrijasevic (46.).<\/p>\n<p>Mittwoch, 19.10.2022 (Pokal): <span style=\"color: #008000;\">SG Dipperz<\/span> &#8211; SG Viktoria Bronnzell 7:3 (3:1). Tore: 1:0 Frank Mattern (23.), 1:1 Lucas Arguimbau (27.), 2:1 Frank Zentgraf (31.), 3:1 Frank Mattern (35.), 4:1 Nikolai Reith (37.), 5:1 Carsten \u00dcbersch\u00e4r (40.), 5:2 Hasmet Savran (47.), 5:3 Alexander Lembcke (52.), 6:3 Frank Zentgraf (57.), 7:3 Dennis Spielberg (66.).<\/p>\n<p>Wann es die n\u00e4chsten Spiele der Alten Herren gibt, steht noch nicht fest. Wir werden es aber nat\u00fcrlich hier vermerken. Denn Ansehen lohnt sich auf jeden Fall&#8230;<\/p>\n<p>&nbsp;<\/p>\n","protected":false},"excerpt":{"rendered":"<p>Hier die aktuellen Spiele unserer Alten Herren der SG Dipperz: Samstag, 13.08.2022: SV Hofbieber &#8211; SG Dipperz 0:4 (0:2). Tore: 0:1 Markus Diegelmann (Eigentor, 26.), 0:2 Marc Sch\u00f6nholz (Eigentor, 28.), 0:1 J\u00f6rg J\u00e4ger (47.), 0:4 Carsten \u00dcbersch\u00e4r (49.). Freitag, 16.09.2022: Margretenhaun\/Wiesen &#8211; SG Dipperz 2:3 (1:1). Tore: 1:0 Stefan Vorndran (6.), 1:1 Frank Zentgraf (14.), [&hellip;]<\/p>\n","protected":false},"author":666667,"featured_media":0,"parent":0,"menu_order":0,"comment_status":"closed","ping_status":"closed","template":"","meta":{"footnotes":""},"class_list":["post-1407","page","type-page","status-publish","hentry"],"_links":{"self":[{"href":"https:\/\/sg-dipperz.de\/index.php\/wp-json\/wp\/v2\/pages\/1407","targetHints":{"allow":["GET"]}}],"collection":[{"href":"https:\/\/sg-dipperz.de\/index.php\/wp-json\/wp\/v2\/pages"}],"about":[{"href":"https:\/\/sg-dipperz.de\/index.php\/wp-json\/wp\/v2\/types\/page"}],"author":[{"embeddable":true,"href":"https:\/\/sg-dipperz.de\/index.php\/wp-json\/wp\/v2\/users\/666667"}],"replies":[{"embeddable":true,"href":"https:\/\/sg-dipperz.de\/index.php\/wp-json\/wp\/v2\/comments?post=1407"}],"version-history":[{"count":0,"href":"https:\/\/sg-dipperz.de\/index.php\/wp-json\/wp\/v2\/pages\/1407\/revisions"}],"wp:attachment":[{"href":"https:\/\/sg-dipperz.de\/index.php\/wp-json\/wp\/v2\/media?parent=1407"}],"curies":[{"name":"wp","href":"https:\/\/api.w.org\/{rel}","templated":true}]}}